{"id":183,"date":"2024-07-08T13:10:54","date_gmt":"2024-07-08T13:10:54","guid":{"rendered":"https:\/\/petramorbin.fi\/?page_id=183"},"modified":"2025-06-24T08:19:07","modified_gmt":"2025-06-24T08:19:07","slug":"kunnallisvaalit-2025","status":"publish","type":"page","link":"https:\/\/petramorbin.fi\/?page_id=183","title":{"rendered":"Kuntavaalit 2025"},"content":{"rendered":"\n<p>N\u00e4m\u00e4 asiat ovat minulle t\u00e4rkeit\u00e4 ja tulen pit\u00e4m\u00e4\u00e4n niiden puolta, mik\u00e4li minut valitaan Espoon kaupunginvaltuustoon:<\/p>\n\n\n\n<p><strong>Lapset ja nuoret<\/strong><\/p>\n\n\n\n<p>Kolmen lapsen \u00e4itin\u00e4 luonnollisesti lapsiin ja nuoriin liittyv\u00e4t palvelut ja asiat ovat l\u00e4hell\u00e4 syd\u00e4nt\u00e4ni. Pian 20 vuotinen taustani ammatillisen koulutuksen parissa on antanut paljon perspektiivi\u00e4 nuorten tarpeisiin ja koulutuksen toimivuuteen. T\u00e4ss\u00e4 rinnalla isoja muutoksia ovat tuoneet ty\u00f6llisyysalueiden uusi rakenne sek\u00e4 hyvinvointialueille siirtyneet palvelut, kuten esimerkiksi koulupsykologit, kuraattorit. Kunnan, hyvinvointialueiden ja koulujen\/oppilaitosten yhteisty\u00f6 ja toistensa tarpeiden ymm\u00e4rt\u00e4minen paremman lopputuloksen saamiseksi ovat \u00e4\u00e4rimm\u00e4isen t\u00e4rkeit\u00e4 etenkin nyt, jolloin tulee uusien palvelurakenteiden aikana varmistaa ylip\u00e4\u00e4t\u00e4\u00e4n palveluiden turvaamisen lis\u00e4ksi se, ettei pudokkaita tule. Tiivist\u00e4 yhteisty\u00f6t\u00e4 ja asioiden varmistamista p\u00e4\u00e4tt\u00e4viss\u00e4 elimiss\u00e4 tulee olla kaikissa nuoriin liittyviss\u00e4 palveluissa. Kokonaisuus on niin toimiva, kuin sen heikoin lenkki.<\/p>\n\n\n\n<p><strong>Pohjois-Espoon kehittyminen<\/strong><\/p>\n\n\n\n<p>Olen toiminut Pohjois-Espoossa paikallisena aktiivina ja viimeaikoina <a href=\"https:\/\/www.kalajarvi.org\/\">paikallisen asukasyhdistyksen hallituksessa<\/a>. Oma alueeni Espoon Kalaj\u00e4rvell\u00e4 kuuluu niihin alueisiin, joiden kehittyminen on tullut takamatkalla ja nyt ollaankin harppaamassa l\u00e4hivuosina monella tavalla eteenp\u00e4in. Alueen asukkaiden n\u00e4k\u00f6kulmasta suurin vetovoimatekij\u00e4 on luonto ja rauhallisuus. Toisaalta kehitys on suotavaa, mutta sen toivotaan olevan sellaista, jotta hyv\u00e4 s\u00e4ilyy ja saadaan tarvittava. Olemme olleet aktiivisesti lausumassa erilaisia asioita suunnittelun vaiheissa liittyen liikenteeseen, rakentamisen kerroslukuun sek\u00e4 mm luonnon turvaamiseen. Oman alueen kehitykseen vaikuttaminen on yksi painavista syist\u00e4, miksi allekirjoitin ehdokassopimuksen.<\/p>\n\n\n\n<p><strong>Espoon elinvoimaisuuden turvaaminen<\/strong><\/p>\n\n\n\n<p>Ty\u00f6ni osaamisen, koulutuksen, ty\u00f6llistymisen ja ty\u00f6el\u00e4m\u00e4n kehittymisen parissa on monella tavalla auttanut ymm\u00e4rt\u00e4m\u00e4\u00e4n asioiden toisiinsa nivoutumista ja kokonaisuutta. Elinvoimaa ei ole ilman yrityksi\u00e4. Ilman yrityksi\u00e4 ei ole ty\u00f6paikkoja. Ilman ihmisi\u00e4 ei ole tekij\u00f6it\u00e4 ja ilman oikeanlaista osaamista ei ole elinvoimaa. Ilman hyvi\u00e4 palveluita ja infraa ei ole ihmisill\u00e4 halua tai mahdollisuutta asua tietyill\u00e4 alueilla ja alueiden sek\u00e4 Espoon vetovoima pysyy hyvill\u00e4 palveluilla ja infralla. Meill\u00e4 on my\u00f6s arvokkaita asioita, joita vaalia monipuolisessa Espoossa: kaupunkimaisuus, merellisyys, taajamat, upea luonto, kyl\u00e4m\u00e4isyys, historia.<\/p>\n\n\n\n<p><strong>Kasvatus ja koulutus<\/strong><\/p>\n\n\n\n<p>Pitk\u00e4 ammatillinen kokemukseni ammatillisen koulutuksen parista on tuonut ainutlaatuista perspektiivi\u00e4 koko koulutuskent\u00e4n kokonaisuuteen ja sen merkitykseen alati monimuotoistuvassa yhteiskunnassa. <\/p>\n\n\n\n<p>P\u00e4\u00e4set lukemaan ajatuksiani koulutukseen liittyen mm n\u00e4iden blogitekstien my\u00f6t\u00e4:<\/p>\n\n\n\n<ul class=\"wp-block-list\">\n<li><a href=\"https:\/\/petramorbin.fi\/?p=279\">Koulutus ja sivistysty\u00f6 vaaleissa \u2013 minulle t\u00e4rkeit\u00e4 asioita \u2013 Petra Morbin<\/a><\/li>\n\n\n\n<li><a href=\"https:\/\/petramorbin.fi\/?p=238\">Oppiminen ja osaaminen osana maan kasvustrategiaa ja yhteiskunnan kivijalkaa \u2013 Petra Morbin<\/a><\/li>\n<\/ul>\n\n\n\n<p><\/p>\n","protected":false},"excerpt":{"rendered":"<p>N\u00e4m\u00e4 asiat ovat minulle t\u00e4rkeit\u00e4 ja tulen pit\u00e4m\u00e4\u00e4n niiden puolta, mik\u00e4li minut valitaan Espoon kaupunginvaltuustoon: Lapset ja nuoret Kolmen lapsen \u00e4itin\u00e4 luonnollisesti lapsiin ja nuoriin liittyv\u00e4t palvelut ja asiat ovat l\u00e4hell\u00e4 syd\u00e4nt\u00e4ni. Pian 20 vuotinen taustani ammatillisen koulutuksen parissa on antanut paljon perspektiivi\u00e4 nuorten tarpeisiin ja koulutuksen toimivuuteen. T\u00e4ss\u00e4 rinnalla isoja muutoksia ovat tuoneet ty\u00f6llisyysalueiden &hellip; <\/p>\n","protected":false},"author":1,"featured_media":228,"parent":7,"menu_order":2,"comment_status":"open","ping_status":"closed","template":"","meta":{"footnotes":""},"class_list":["post-183","page","type-page","status-publish","has-post-thumbnail","hentry"],"_links":{"self":[{"href":"https:\/\/petramorbin.fi\/index.php?rest_route=\/wp\/v2\/pages\/183","targetHints":{"allow":["GET"]}}],"collection":[{"href":"https:\/\/petramorbin.fi\/index.php?rest_route=\/wp\/v2\/pages"}],"about":[{"href":"https:\/\/petramorbin.fi\/index.php?rest_route=\/wp\/v2\/types\/page"}],"author":[{"embeddable":true,"href":"https:\/\/petramorbin.fi\/index.php?rest_route=\/wp\/v2\/users\/1"}],"replies":[{"embeddable":true,"href":"https:\/\/petramorbin.fi\/index.php?rest_route=%2Fwp%2Fv2%2Fcomments&post=183"}],"version-history":[{"count":5,"href":"https:\/\/petramorbin.fi\/index.php?rest_route=\/wp\/v2\/pages\/183\/revisions"}],"predecessor-version":[{"id":338,"href":"https:\/\/petramorbin.fi\/index.php?rest_route=\/wp\/v2\/pages\/183\/revisions\/338"}],"up":[{"embeddable":true,"href":"https:\/\/petramorbin.fi\/index.php?rest_route=\/wp\/v2\/pages\/7"}],"wp:featuredmedia":[{"embeddable":true,"href":"https:\/\/petramorbin.fi\/index.php?rest_route=\/wp\/v2\/media\/228"}],"wp:attachment":[{"href":"https:\/\/petramorbin.fi\/index.php?rest_route=%2Fwp%2Fv2%2Fmedia&parent=183"}],"curies":[{"name":"wp","href":"https:\/\/api.w.org\/{rel}","templated":true}]}}